63?
False
Is 11 a factor of 11980?
False
Is 5047 a multiple of 49?
True
Does 32 divide 13965?
False
Is 5330 a multiple of 21?
False
Does 4 divide 2428?
True
Does 2 divide 275?
False
Does 34 divide 918?
True
Is 1778 a multiple of 14?
True
Is 105244 a multiple of 83?
True
Is 36 a factor of 216?
True
Does 17 divide 16320?
True
Is 96 a factor of 2304?
True
Is 49210 a multiple of 38?
True
Is 286 a multiple of 13?
True
Does 105 divide 5443?
False
Is 31729 a multiple of 13?
False
Is 9 a factor of 11560?
False
Is 87 a factor of 14971?
False
Is 9621 a multiple of 9?
True
Is 60 a factor of 2520?
True
Is 189 a multiple of 21?
True
Is 26974 a multiple of 159?
False
Is 32 a factor of 1152?
True
Is 2134 a multiple of 34?
False
Is 11536 a multiple of 57?
False
Is 375 a multiple of 17?
False
Is 23 a factor of 1925?
False
Is 122 a factor of 1255?
False
Does 7 divide 1351?
True
Is 71 a factor of 1420?
True
Does 18 divide 7560?
True
Does 9 divide 2593?
False
Is 3124 a multiple of 18?
False
Does 118 divide 42359?
False
Does 3 divide 733?
False
Is 6258 a multiple of 42?
True
Does 48 divide 7963?
False
Does 43 divide 595?
False
Is 3 a factor of 5101?
False
Does 98 divide 15680?
True
Is 8614 a multiple of 24?
False
Is 5046 a multiple of 6?
True
Does 80 divide 8880?
True
Does 89 divide 623?
True
Is 77 a multiple of 7?
True
Does 32 divide 1024?
True
Is 5385 a multiple of 57?
False
Does 14 divide 46226?
False
Is 475 a multiple of 9?
False
Does 37 divide 1221?
True
Is 42 a factor of 5696?
False
Does 6 divide 32097?
False
Is 109 a factor of 2096?
False
Does 31 divide 2170?
True
Is 4199 a multiple of 64?
False
Does 93 divide 8536?
False
Is 70 a factor of 3498?
False
Is 5 a factor of 235?
True
Is 214 a factor of 2347?
False
Does 93 divide 4500?
False
Is 12410 a multiple of 13?
False
Is 40 a factor of 21457?
False
Does 34 divide 8228?
True
Is 59 a factor of 9499?
True
Is 1921 a multiple of 17?
True
Does 6 divide 396?
True
Is 5740 a multiple of 140?
True
Is 172 a factor of 12560?
False
Is 581 a multiple of 23?
False
Is 252 a multiple of 23?
False
Is 62 a factor of 8502?
False
Is 32108 a multiple of 18?
False
Does 129 divide 28792?
False
Is 33 a multiple of 11?
True
Is 17 a factor of 9188?
False
Does 16 divide 239?
False
Does 13 divide 903?
False
Does 6 divide 1038?
True
Is 79 a factor of 4108?
True
Is 31 a factor of 701?
False
Does 19 divide 42?
False
Is 12 a factor of 7176?
True
Is 255 a factor of 79050?
True
Is 89 a factor of 16671?
False
Is 15 a factor of 51675?
True
Does 157 divide 4396?
True
Is 150 a multiple of 3?
True
Does 37 divide 7114?
False
Does 11 divide 288?
False
Is 272 a multiple of 4?
True
Does 10 divide 29150?
True
Is 3 a factor of 275?
False
Is 720 a multiple of 9?
True
Does 8 divide 3854?
False
Is 7 a factor of 902?
False
Is 1608 a multiple of 24?
True
Does 75 divide 3900?
True
Is 115 a factor of 45709?
False
Does 4 divide 208?
True
Is 4908 a multiple of 82?
False
Does 30 divide 3600?
True
Is 5280 a multiple of 10?
True
Is 10705 a multiple of 180?
False
Is 10878 a multiple of 6?
True
Is 642 a multiple of 17?
False
Is 539 a multiple of 95?
False
Is 1091 a multiple of 18?
False
Does 28 divide 6432?
False
Is 49 a factor of 147?
True
Does 11 divide 11?
True
Is 552 a multiple of 23?
True
Does 11 divide 25619?
True
Is 738 a multiple of 6?
True
Is 43 a factor of 43?
True
Does 37 divide 21460?
True
Does 18 divide 1242?
True
Is 29 a factor of 9106?
True
Is 9022 a multiple of 108?
False
Is 7 a factor of 91?
True
Is 26 a factor of 416?
True
Does 14 divide 364?
True
Does 20 divide 180?
True
Does 11 divide 1485?
True
Is 1188 a multiple of 35?
False
Does 128 divide 16768?
True
Is 221 a factor of 19890?
True
Does 10 divide 4150?
True
Is 530 even?
True
Is 34 a factor of 544?
True
Does 14 divide 835?
False
Is 12 a factor of 360?
True
Is 16 a factor of 8412?
False
Is 65 a factor of 10140?
True
Is 72 a factor of 14688?
True
Does 2 divide 19?
False
Is 119509 a multiple of 317?
True
Does 7 divide 2618?
True
Is 47 a factor of 8413?
True
Does 4 divide 1049?
False
Is 106 a multiple of 5?
False
Does 24 divide 310?
False
Is 3208 a multiple of 46?
False
Is 2600 a multiple of 2?
True
Is 13 a factor of 14807?
True
Does 9 divide 1791?
True
Is 6 a factor of 8724?
True
Is 12596 a multiple of 14?
False
Is 14 a factor of 904?
False
Is 60 a factor of 180?
True
Is 335 a multiple of 4?
False
Is 53001 a multiple of 39?
True
Is 11867 a multiple of 67?
False
Is 11156 a multiple of 20?
False
Is 6 a factor of 234?
True
Does 11 divide 2670?
False
Is 649 a multiple of 13?
False
Does 107 divide 32330?
False
Is 49509 a multiple of 29?
False
Does 25 divide 2478?
False
Does 10 divide 1938?
False
Is 10989 a multiple of 9?
True
Is 16 a factor of 176?
True
Does 7 divide 212?
False
Does 8 divide 421?
False
Is 9 a factor of 2830?
False
Is 2540 a multiple of 10?
True
Does 58 divide 1856?
True
Is 25792 a multiple of 248?
True
Is 3 a factor of 1239?
True
Is 91 a factor of 1092?
True
Is 1710 a multiple of 15?
True
Is 1243 a multiple of 5?
False
Is 190 a factor of 83790?
True
Is 46 a factor of 3450?
True
Is 5 a factor of 819?
False
Does 43 divide 1001?
False
Is 163 a factor of 37156?
False
Does 146 divide 52560?
True
Is 88 a factor of 3784?
True
Is 3 a factor of 8970?
True
Is 40 a factor of 1548?
False
Is 115 a factor of 1150?
True
Does 281 divide 75288?
False
Does 8 divide 100?
False
Is 2 a factor of 64?
True
Is 19 a factor of 912?
True
Does 5 divide 870?
True
Does 101 divide 10504?
True
Does 10 divide 190?
True
Is 546 a multiple of 21?
True
Is 2576 a multiple of 27?
False
Is 192 a multiple of 3?
True
Does 4 divide 1872?
True
Is 3527 a multiple of 18?
False
Does 7 divide 147?
True
Is 12 a factor of 59916?
True
Is 20 a factor of 3180?
True
Is 14 a factor of 99797?
False
Does 33 divide 132376?
False
Is 1391 a multiple of 13?
True
Is 314 a factor of 46637?
False
Does 14 divide 1606?
False
Is 23 a factor of 167784?
False
Does 4 divide 602?
False
Does 13 divide 7085?
True
Is 51 a factor of 1836?
True
Is 305 a multiple of 7?
False
Is 30 a factor of 10758?
False
Is 620 a multiple of 10?
True
Is 5 a factor of 1546?
False
Is 7855 a multiple of 67?
False
Is 24 a factor of 960?
True
Does 59 divide 7737?
False
Does 16 divide 31920?
True
Does 50 divide 748?
False
Is 16 a factor of 24800?
True
Is 15 a factor of 20070?
True
Does 125 divide 2999?
False
Is 1810 a multiple of 67?
False
Is 26 a factor of 7508?
False
Is 18 a factor of 288?
True
Is 3994 a multiple of 33?
False
Is 63102 a multiple of 39?
True
Is 39 a factor of 4641?
True
Is 21768 a multiple of 16?
False
Is 4856 a multiple of 38?
False
Is 470 a multiple of 12?
False
Does 44 divide 308?
True
Is 5 a factor of 55?
True
Does 7 divide 34209?
True
Does 44 divide 234?
False
Is 17 a factor of 3723?
True
Is 15 a factor of 639?
False
Does 19 divide 228?
True
Is 89 a multiple of 34?
False
Is 10 a factor of 25490?
True
Is 92 a factor of 8352?
False
Is 870 a multiple of 10?
True
Is 3072 a multiple of 12?
True
Is 35 a multiple of 5?
True
Does 12 divide 1657?
False
Does 6 divide 1997?
False
Does 44 divide 2288?
True
Is 16 a factor of 1252?
False
Is 83 a factor of 37848?
True
Does 12 divide 44784?
True
Is 6352 a multiple of 76?
False
Is 4 a factor of 224?
True
Is 3838 a multiple of 104?
False
Does 2 divide 134?
True
Is 91 a factor of 12649?
True
Is 9 a factor of 431?
False
Is 14 a factor of 868?
True
Is 21 a factor of 1031?
False
Is 13 a factor of 2847?
True
Is 127656 a multiple of 81?
True
Does 97 divide 970?
True
Is 83 a multiple of 3?
False
Is 14 a factor of 261?
False
Does 3 divide 527?
False
Is 2469 a multiple of 5?
False
Does 80 divide 1280?
True
Is 1176 a multiple of 98?
True
Is 4698 a multiple of 87?
True
Is 3 a factor of 9?
True
Does 11 divide 13988?
False
Does 2 divide 702?
True
Does 107 divide 6587?
False
Is 15 a factor of 2115?
True
Is 11 a factor of 7429?
False
Does 86 divide 1983?
False
Does 49 divide 1815?
False
Is 649 a multiple of 11?
True
Is 5060 a multiple of 6?
False
Does 2 divide 1462?
True
Does 7 divide 5523?
True
Does 7 divide 13874?
True
Does 21 divide 6132?
True
Does 11 divide 2071?
False
Does 8 divide 1648?
True
Is 1458 a multiple of 54?
True
Does 10 divide 67?
False
Is 190 a multiple of 8?
False
Is 65 a factor of 650?
True
Is 90 a factor of 3423?
False